 - 4. Let r be w(4). Let d be (-8)/r - (-292)/60. Let b(o) = -14*o + 5 + 16*o - d + 3. What is b(-3)?
-3
Let q(o) = o - 7. Let r be (-37 - (-1 + 0)) + -1. Suppose 193 = 2*b + 177, -2*a - 4*b - 52 = 0. Let x = r - a. Determine q(x).
-2
Let o be 6*(855/(-54) - -11). Let w(a) = a**3 + 26*a**2 - 85*a + 43. What is w(o)?
-15
Let b(a) = -3*a**2 - 210724*a + 13 + 11 + 210718*a. What is b(-4)?
0
Let a(l) = -11*l + 39*l - 4*l**2 - 2 + 2*l**2 - 22*l. What is a(6)?
-38
Let j(r) = 3*r**2 + 6*r - 2. Let b(g) = -g**2 - 1. Let w(l) = -2*b(l) - j(l). Let o be w(-7). Let k be (-4 - -5)*o + 4. Let v(f) = -6*f - 1. Give v(k).
-7
Let w(q) be the third derivative of q**7/840 - q**6/120 - q**5/40 + q**4/8 - q**3/6 - 10*q**2 - q. Let o(d) be the first derivative of w(d). What is o(4)?
7
Let a(i) = i**3 - 9*i**2 + 3*i - 2. Let r be 1152/648 - 1*(-4)/18. Suppose -73*p + 4*k + 36 = -69*p, r*p - 18 = 5*k. Give a(p).
25
Let f(z) = -2*z**2 - 14*z - 18. Suppose w - 40 = 4*h, 11 = 4*h - 7*h - 4*w. What is f(h)?
-54
Let a(r) be the first derivative of -r**4/12 + 5*r**3/6 + r**2 + 32*r - 66. Let g(b) be the first derivative of a(b). Determine g(4).
6
Let n(y) = y**2 + 7*y + 6. Let x(s) = 39*s**2 - 1. Let m be x(-1). Suppose -m*v + 43*v + 80 = 0. Let l = -20 - v. Give n(l).
-6
Let f(p) = -p**3 + 4*p**2 - 2. Let v be (-3 - 5/(-2))*6. Let b be 1176/18 + 4/v. Let u be 272/b + 1/(-4). Give f(u).
-2
Let g(n) = 3*n + 44 - n + 5 - 49. Suppose 2*r = -x + 14, 5*r + 2*x + 2*x - 38 = 0. Give g(r).
12
Let x(d) = 9*d**2 + 9*d - 4. Let u(q) = -q**2 - 2*q + 2. Let h(p) = 5*p**2 - 3*p + 10. Let l(n) = -h(n) + 6*u(n). Let w(t) = -4*l(t) - 5*x(t). Give w(-10).
2
Let a(y) be the third derivative of 0*y + 187*y**2 + 0 - 1/12*y**4 + 5/6*y**3. Calculate a(5).
-5
Let m(d) = -2*d - 5. Let x be (-1)/(3/36*-2). Suppose -25*w = -521 - 4. Suppose 0*v + p + x = v, -5*v + w = 4*p. Determine m(v).
-15
Suppose i + 6 - 2 = -3*d, 4*d = -i - 5. Let t(k) = -26*k + 1. Calculate t(i).
27
Let x(p) be the first derivative of p**3/3 - 11*p**2 - 22*p + 159. Calculate x(23).
1
Suppose 35*u - 18 = 4*k + 38*u, 5*k - 2*u + 34 = 0. Let c(l) = -l**2 - 6*l - 21. What is c(k)?
-21
Let j(f) = -2*f - 43. Let o be j(-27). Let c(h) = 21 + h**2 - 2*h**2 - 6 + 26*h - 16*h - 14. Calculate c(o).
-10
Let t = -1300 - -1297. Let v(c) be the first derivative of -1 + 1/3*c**3 + 0*c + c**2. Calculate v(t).
3
Suppose -443 = 7*u + 607. Let s be 18/(-27)*u/2. Let a = s + -43. Let g(r) = -r**2 + 7*r - 1. Determine g(a).
-1
Let t(c) = -c**2 - 30*c - 60. Let z be t(-2). Suppose 0 = -2*m + 1 + 5. Let o(p) = p**2 - 4*p**2 - 5*p + m + 0 + p**2. Calculate o(z).
-9
Suppose -46 = -20*x + 34. Let c(y) be the second derivative of 0*y + y**3 + 6*y + 0*y**2 - y**2. Calculate c(x).
22
Let l(j) = -8*j**2 + 48*j - 17. Let m(g) = g**2 - 8*g. Let s(r) = l(r) + 7*m(r). What is s(-4)?
-1
Let y(r) = 4*r - 13. Suppose 107*w = 407 - 86. Determine y(w).
-1
Let x(a) = -2*a**3 + a**2 - a. Let l(i) = 16*i**2 + 10*i**2 - 28*i**2 + i + 1. Let w(j) = l(j) + 2*x(j). Let o = 3 + -2. Calculate w(o).
-4
Let b = -15 - -19. Suppose 53 = u + 5*y - b, -u + 12 = -4*y. Suppose v + 7*v = -u. Let t(j) = -j. Calculate t(v).
4
Let b(d) = -27 - 5*d + 6 + 8 + 12 - d. Let s(w) = 10*w + 1. Let u(z) = 5*b(z) + 4*s(z). Determine u(1).
9
Let q(i) = -i - 4. Let w(k) = -2*k - 13. Let j(f) = 3*q(f) - w(f). Let b(a) = a + 3. Let c be b(-1). Give j(c).
-1
Let h(y) be the third derivative of 0 - 51*y**2 - 1/60*y**5 - 5/12*y**4 - y + 4/3*y**3. Calculate h(-10).
8
Let j = 26 - 18. Let p be 0/(2 + (-6 - -6)). Suppose -10*u - 17 = -5*l - j*u, 3*l + 2*u - 23 = p. Let c(f) = f**3 - 4*f**2 - 6*f + 7. Calculate c(l).
2
Let m be (-10 + 20)*(-254)/(-4). Let b = -636 + m. Let d(k) = -5*k. Determine d(b).
5
Let r(h) = -229 + 102 - h**3 + 135 + 11*h**2 + 4*h**2. Calculate r(15).
8
Let h be ((-6)/4)/((-168)/(-1232)). Let o(m) = -2 - 12*m - 6 - m**2 + 2. Calculate o(h).
5
Let s(i) be the third derivative of 7/3*i**3 + 0*i - 1/12*i**4 - 8*i**2 + 0 + 1/120*i**5. Let b(w) be the first derivative of s(w). Determine b(2).
0
Let k(d) = -9*d**2 + 4 + 4*d**2 + 13 + 8*d - 6 - 33377*d**3 + 33376*d**3. Calculate k(-5).
-29
Let a(s) = -s**2 + 7*s. Let c = -3142 + 3149. Determine a(c).
0
Let k = -2361 + 2364. Let t(v) be the second derivative of -1/6*v**k + 0 - 11*v + 5/2*v**2. Determine t(0).
5
Let k be ((-18)/30)/(4/10)*-2. Let h = 3 - 0. Let w(i) = 5*i + i**2 - 11 - i**h + 7 + i**2. What is w(k)?
2
Let v(m) = -5*m**2 - 2*m + 129. Let g(d) = -3*d**2 - d + 74. Let q(r) = 7*g(r) - 4*v(r). Suppose 0 = -k - 2*k. Give q(k).
2
Suppose -5*j + 35 = m, 3*m = j + 4 - 11. Suppose o + 0*o = -2*t - j, t + 2 = 0. Let w(v) = 2*v**2 + 4*v + 1. Calculate w(o).
7
Let z = -145 - -146. Let j(b) = -10*b**2 - 4*b + 5. Let v(c) = -11*c**2 - 5*c + 6. Let f(s) = -5*j(s) + 4*v(s). Determine f(z).
5
Let f(x) be the second derivative of 5/3*x**3 - 9/2*x**2 + 0 - 1/12*x**4 + 3*x. Let a(w) = w**3 - 3*w**2 - 32*w - 9. Let r be a(-4). Calculate f(r).
12
Let g(i) = 125*i**3 - 1 + 3*i**2 - 320*i**3 - i + 183*i**3. Calculate g(1).
-11
Let a be ((-57)/(-456))/(30/(-16) + 2). Let r(q) = 3 - q**2 + 3*q + q - 2*q - a + 0*q**2. Give r(5).
-13
Let v(p) = 9*p**2 + 9*p + 1 + p**3 + 2 - 2. Let t = 24 - 373. Let x = -357 - t. Give v(x).
-7
Let v(c) = 2 - c + 4658*c**3 - 9*c**2 + 8*c**2 - 4678*c**3. Give v(1).
-20
Let c(g) = g**2 - g + 31. Suppose -3*o - 4*m - 108 = 0, -4*m + 12 + 0 = 0. Let l be (-2)/(-23) - o/(-460). Give c(l).
31
Let q(p) = p**3 - 17*p - 30. Let g be q(-3). Let z(k) be the second derivative of -2*k**3/3 + k**2/2 + 5*k. What is z(g)?
25
Let y(h) = -53*h**3 - 13*h**2 - 13*h + 37. Let v(x) = -18*x**3 - 4*x**2 - 4*x + 11. Let t(b) = -10*v(b) + 3*y(b). Suppose -4*j + 3*j = 1. Give t(j).
-20
Let b(z) = 27*z**2 - z. Suppose -130 = -46*p + 54. Suppose -2*t - 2*r = -2, p*t + 6*r - 4 = 9*r. Calculate b(t).
26
Let d = -276 + 199. Let h = 74 + d. Let r(o) = -o**3 - 2*o**2 + o. What is r(h)?
6
Let u(v) be the first derivative of v**4/4 + 5*v**3 + 15*v**2/2 + 16*v + 3. Suppose 2 = 58*a - 59*a + 3*o, -o = -a - 10. What is u(a)?
2
Let t(q) = q**3 - 4*q**2. Let v be ((-48)/(-18) - 3)*6. Let y be -12*(2 - v)*5/(-2). Let u = 124 - y. Give t(u).
0
Suppose 0 = 2*z - 4 - 2. Suppose -5*a + 153 = -3*w, 152 = 2*a + z*a - 2*w. Suppose 3*f - 7 + a = -5*i, -20 = 4*f - 4*i. Let s(u) = u - 2. Calculate s(f).
-8
Let m = -4 + -54. Let s = -48 - m. Suppose 0 = -s*c - 0 - 0. Let a(w) = w - 8. Give a(c).
-8
Let m(h) be the third derivative of h**6/120 + h**5/10 + h**4/12 + 19*h**2. Let i(y) = 2*y**2 + 46*y - 54. Let r be i(-24). Calculate m(r).
-12
Let z(p) = -7*p - 16. Let u be ((-8)/32)/(3/84). Give z(u).
33
Let w(l) = 5*l + 23. Let j(g) = 3*g**2 + 6*g + 5. Let z be j(-2). Let r(v) = 3*v + 16. Let d(u) = z*w(u) - 8*r(u). Let p be 1*(0/(-1))/2. Give d(p).
-13
Suppose 0 = 7*f + 33*f + 21*f - 2*f. Let b(l) = -l**3 + 101. Give b(f).
101
Suppose 0 = -5*k + 5*z + 55, 0 = -2*k - 143*z + 146*z + 25. Let g(p) = -p**3 + 6*p**2 + 19*p - 21. Give g(k).
3
Let b(n) be the third derivative of -n**4/24 - n**3 + 9*n**2. Suppose -h + 37 = -4*w, 119*h = 124*h - 25. Give b(w).
2
Let p(a) = 5*a**2 + 13*a + 24. Let g be (-462)/264 - (-10)/(-8). Determine p(g).
30
Let o(r) = -r**2 + 29*r + 298. Let s = 15839 - 15802. What is o(s)?
2
Let s(r) = 5*r**4 - 4*r**3 + 3*r + 49. Let o(l) = 6*l**4 - 5*l**3 + 4*l + 48. Let d(g) = 4*o(g) - 5*s(g). Let p(f) be the first derivative of d(f). Give p(1).
-3
Suppose -2*m + 29 = 3*r - 2, 3*r = m + 7. Let l(d) = 7*d**2 - 3 - 8*d**2 + 9*d - 4 + 2. Determine l(m).
3
Let s(o) = -2*o**2 - 2*o - 10. Let t(v) = -98*v + 788. Let a be t(8). What is s(a)?
-50
Let w(v) = -v**3 - 7*v**2 + 15*v - 6. Let d = 7980 + -7989. What is w(d)?
21
Let f(o) = -2*o**2 - 3*o. Let i(r) = -5*r**2 - 17*r - 3. Let g(j) = 3*f(j) - i(j). Suppose -3*u = -0*u - 30. Determine g(u).
-17
Let a(j) = 7*j**2 - 101 + 85 + j**3 + 38 - 2*j**2 - 32*j. What is a(-9)?
-14
Let p = -457 + 449. Let o be 6/48 + 1/p. Let i(a) = a**2 - 2*a - 9. Give i(o).
-9
Let m be 46/11 - (52/44 + -1). Let x(y) = -y**3 + y**3 + y**3 - 3 + 311*y**2 - 315*y**2. Determine x(m).
-3
Let s(m) be the second derivative of 1 + 35/12*m**4 + 1/3*m**3 - 49*m + 1/2*m**2. Determine s(-1).
34
Suppose 590*s = 578*s - 204. Let z(m) = m + 6. Determi